t is the hundreds digit of 2 - x*(-181)/(-2)?
1
Let f = 14 - 24. Let s = 40 + f. What is the units digit of s?
0
Let r(a) = 3*a**2 + 9*a + 28. What is the units digit of r(20)?
8
Suppose 20 = 4*w + 5*o + 7, 0 = 3*w + 4*o - 10. Suppose 4*v - q + 2*q - 303 = 0, -318 = -4*v + w*q. What is the tens digit of v?
7
Let i = -11 + 15. Suppose 0 = -0*j + i*j - 8. Suppose j*n - 12 = 40. What is the tens digit of n?
2
Let j = 54 - 52. What is the tens digit of (1 + -2)*(j - 61)?
5
Let b be 9/(-3 - (-1 + -1)). Let z be 6/b + 76/6. What is the units digit of (-58)/(1 - z/4)?
9
Suppose 2*g = -3*l - 7, g - 2*l - 6 = 2*g. Suppose 0 = -0*u - g*u + 336. What is the tens digit of u?
8
Suppose -4*o + 15*c = 11*c - 152, 0 = -o - 5*c + 62. What is the tens digit of o?
4
Suppose 4*g - 26 = -2. Suppose -3*q - 39 = -g*q. What is the units digit of q?
3
Let x = 29 - 25. Let k(g) = -x*g**2 + 4*g**2 + 0 - 3 - g**2 + 13*g. What is the tens digit of k(10)?
2
Let m = 76 - 60. Let w be 176/6 + 2/(-6). Suppose w + m = 3*r. What is the units digit of r?
5
Let u(p) be the first derivative of -p**4/4 + 14*p**3/3 - 6*p**2 + 15*p + 15. What is the units digit of u(13)?
8
Let u(t) = 6 + 3*t**2 + 3*t**3 + 2*t**2 - 6*t - 4*t**3 + 0*t**3. Let l be u(4). What is the units digit of 4/10*(-40)/l?
8
Let g be (8/(-4)*1)/2 + -31. What is the tens digit of (-376)/g - 1/(-4)?
1
Suppose 0 = 5*o - 2*z - 10856, 3*o - 2*z = 8809 - 2293. What is the thousands digit of o?
2
Suppose 3*o = 3*i - 84, 3*o + 108 + 40 = 5*i. What is the tens digit of (-2)/((-24)/2487) - 8/i?
0
What is the tens digit of -3*(-7)/(-42)*-756?
7
Let r = -113 - -840. What is the units digit of r?
7
Suppose 2*x - 2 - 4 = 0. Suppose x*s + 3*p = -2*p + 210, p = 4*s - 280. What is the tens digit of s?
7
Let t(v) = 45*v**2 - 31*v - 135. What is the hundreds digit of t(-6)?
6
Let j be (-7)/7 + 283/(-1). Let y be j/6*(-33)/11. Let d = y - 74. What is the units digit of d?
8
Let i = 22 - 24. What is the units digit of (-2 - -126) + (-4)/i?
6
Let s = 2229 + -1472. What is the tens digit of s?
5
Let u(q) = -8*q - 4. Let i = -32 + 30. What is the tens digit of u(i)?
1
Let v = -21 + 64. Suppose -3*p + 0*p = u - v, 5*p - 68 = 2*u. What is the units digit of p?
4
Let f(x) = 5*x**3 - 15*x**2 + 26*x - 72. What is the thousands digit of f(9)?
2
Let v = -3 + 8. Suppose -2*h + v*i = -247, 0 = -2*h - 0*i - 3*i + 287. What is the units digit of h?
6
Suppose 4*f + 240 = -f. Let v = 99 + f. What is the units digit of v?
1
Let r be (3 + 78/(-5))*-5. Suppose 0 = 64*o - r*o - 36. What is the tens digit of o?
3
Let t(g) = 16*g + 16. Let n(b) = b. Let j(a) = -2*n(a) - t(a). What is the tens digit of j(-13)?
1
Suppose a - 664 = -2*q + 1570, 2*a - 1117 = -q. What is the units digit of q?
7
Let n = -1587 + 2931. What is the units digit of n?
4
Let p be (-1 - -11) + 4/(-1). Let k(v) = -v**3 + 6*v**2 - v + 10. Let r be k(p). What is the tens digit of r/(-14) - 990/(-35)?
2
Let t = 1422 + -591. What is the tens digit of t?
3
Let o(l) = l**3 - 15*l**2 - 34*l + 67. What is the thousands digit of o(21)?
1
Let r(g) = -g**2 - 10*g - 12. Let h be (-4)/34 + 100/(-17). What is the tens digit of r(h)?
1
Suppose 0 = -4*n + 20. Suppose -3*h + n*u + 252 = -14, 4*u - 8 = 0. What is the tens digit of h?
9
Let b be 4/(-14) - (-95)/(-35). Let f be 36/((b/1)/(-3)). Suppose 4*g = f - 0. What is the units digit of g?
9
Let f(q) = -6*q + 11. Suppose 3*j + 2 = -5*w, 0*w = -w + 2. What is the units digit of f(j)?
5
Suppose 4*q - s - 2*s + 23 = 0, -5*q = -2*s + 34. What is the units digit of (-68)/q*6/1?
1
Suppose 0 = 3*h - 4*n - 3415, -5*h = -4*h - 3*n - 1130. Suppose h = 5*v + 265. Suppose 4*o + 4*p - 2*p = v, 4*o + 5*p = 170. What is the tens digit of o?
4
Suppose -4*a - 1 + 13 = 0. Suppose 38 = a*x - 289. Let w = x + -58. What is the units digit of w?
1
Suppose 2*t + 4*t - 6 = 0. Let x = t - 22. Let o = -8 - x. What is the units digit of o?
3
Suppose 6*c = -28*c + 17884. What is the hundreds digit of c?
5
Suppose -2*i = -4*i + 10. Suppose 0 = i*l - 232 - 273. What is the hundreds digit of l?
1
Suppose -2*k + 2*x + 554 = 0, -k + 0*x = -3*x - 271. Suppose -2*v = -7*v + k. What is the tens digit of v?
5
Suppose -7*h - 3*h = -11650. What is the units digit of h?
5
Let a(i) = 145*i**3 - 6*i**2 + 16*i - 2. What is the thousands digit of a(2)?
1
Suppose -3*g = -3*l - 5 + 26, 5*g = -2*l. Suppose p - 5*c + 28 = 0, 0*c + l = c. What is the tens digit of 3 + 1 + 38 + p?
3
Suppose -22 + 2 = -t. Let z(u) = -u**3 + 18*u**2 + 2. Let d be z(18). Suppose d*p - p = t. What is the units digit of p?
0
Suppose 2*u - 51 = -11. Let c = 17 - u. Let i(s) = -s**3 + s**2 - s - 3. What is the tens digit of i(c)?
3
Let h(p) = -p**3 + p**2 + p. Let v(r) = 4*r**3 - 2*r**2 - 2*r + 10. Let a(d) = -5*h(d) - v(d). What is the tens digit of a(5)?
2
Let c = -3926 + 6054. What is the hundreds digit of c?
1
Let b(w) be the third derivative of -w**6/40 + w**5/60 + 5*w**4/24 + 7*w**3/6 - w**2. What is the units digit of b(-3)?
2
Let l(m) = -m**3 + 5*m**2 - m. Let f be l(4). Let q be 1 + f/(1 - -2). Suppose -j + 0*u + 9 = 5*u, 0 = 4*j - q*u - 86. What is the units digit of j?
9
Let p be (-14)/(-4)*4/14 - -2. Suppose -5*f = -3*r + 134, 87 = 5*r - p*r - f. What is the units digit of r?
3
Let w(m) = 25*m**2 - 39*m + 11. What is the hundreds digit of w(-5)?
8
Suppose 4835 - 410 = 15*x. Let w = -129 + x. What is the units digit of w?
6
Suppose -v = -4*v + 9. Let m be -3*((-17)/v - -4). Suppose 3*a + m*j - 122 = 0, 3*j = -3*a + 5*j + 115. What is the units digit of a?
9
Suppose 5*a = 2*q - 0*q + 34, 5*q = -4*a + 47. Let z be -4*22*(-2)/a. Let b = -8 + z. What is the units digit of b?
4
Let h be (-8)/(-4)*34/4. Let b be (-2*h)/((-20)/90). Suppose -4*l + 3*m + b = 33, -5*l - 2*m = -173. What is the tens digit of l?
3
Let d be 1/((-10)/(-930) - (-2 + 2)). Let l = d + 60. What is the hundreds digit of l?
1
Let c be (10/6)/(5/15). Suppose -c*j + 3*p + 33 = -5, j = -3*p + 22. Suppose -j*d + 5*d + 125 = 0. What is the units digit of d?
5
Let w(k) = -k**3 - 4*k**2 + 2*k - 2. Let l be w(-4). What is the units digit of 5*2/l*-4?
4
What is the units digit of 884/(-10)*-1 - (-30)/(-75)?
8
Suppose -23*k - 2852 + 11776 = 0. What is the hundreds digit of k?
3
What is the tens digit of (-7765 - -1)/(((-495)/30)/11)?
7
Suppose 0 = -5*z + o + 46 + 1999, 0 = 2*z - 2*o - 810. What is the units digit of z?
0
Suppose 0 = -2*j + 5*k + 1060, 3*j + 39 = -5*k + 1604. What is the hundreds digit of j?
5
Suppose x + 2*y - 54 = 6*y, x - 24 = -2*y. What is the tens digit of x?
3
Suppose -3*h - 1 = 2. Let b(k) = k + 2. Let o be b(h). Suppose -3*s - 5 = o, 5*c + 3*s - 64 = 0. What is the units digit of c?
4
Suppose w - 182 = 3*h, -92 - 561 = -4*w - 3*h. What is the hundreds digit of w?
1
Suppose 0 = -6*i - 7 + 31. Suppose 5*y - i*n - 191 = 0, 3*n + n - 124 = -4*y. What is the tens digit of (-30)/(y/(-10) + 3)?
6
Suppose 0 = 3*g + 2*g - 280. Suppose x = 35 + g. What is the units digit of x?
1
Suppose -q - 18 = 5*q. What is the tens digit of 6/9 - 88/q?
3
Suppose 2*k - 36 = -k. Let u be 18/15*1400/k. Suppose q - 3*i - 18 = 0, 5*i + u - 40 = 4*q. What is the tens digit of q?
3
Let l = -63 - -98. What is the tens digit of l?
3
Suppose 77*f - 5040 = 72*f. What is the thousands digit of f?
1
Let j(p) = 2*p + 62. Let q be j(24). Let x(r) = 10*r. Let m be x(-5). Let v = m + q. What is the tens digit of v?
6
Let f(t) = -2*t**2 - 7*t**2 + 10*t + 8*t**2 + 13 + 0*t. What is the units digit of f(7)?
4
Suppose 4*f - a = 2*f + 46, 0 = -5*f + 3*a + 117. Suppose 3*i - 6*i = -f. Suppose 4*v - 2*t - 158 = 0, -161 = -4*v + i*t - 2*t. What is the units digit of v?
9
Let d = -57 + 61. Let l(o) = 4*o**2 + 7*o - 15. What is the units digit of l(d)?
7
Let m be 16/7 + (-4)/14. Suppose -25 = -m*u + 87. What is the tens digit of u?
5
Let o be -2*(-3)/4*6. Suppose -o = 4*n - 29. Suppose 4*h - n*w - 64 + 9 = 0, 0 = w - 1. What is the tens digit of h?
1
Suppose w + 3 = -3*a - 10, -4*a = -5*w + 30. What is the hundreds digit of 262/w - (-2 + (2 - 0))?
1
Let f = -10 - -44. Suppose 0 = 7*w - 6*w - f. What is the units digit of w?
4
Let a = 59 + -31. Let c = a + 50. What is the units digit of c?
8
Suppose -3*p + 7*l + 2394 = 4*l, 4*p - 2*l - 3186 = 0. What is the tens digit of p?
9
Let u(